{"id":2922,"date":"2015-12-23T05:34:43","date_gmt":"2015-12-23T04:34:43","guid":{"rendered":"http:\/\/themes.layero.com\/olamwp\/?page_id=2922"},"modified":"2023-09-18T10:48:48","modified_gmt":"2023-09-18T08:48:48","slug":"nous-contacter","status":"publish","type":"page","link":"https:\/\/franceuniversites.fr\/phototheque\/nous-contacter\/","title":{"rendered":"Nous contacter"},"content":{"rendered":"<div  class=\"fw-main-row section \"  >\t\n\t   \n\t<div class=\"fw-container\">\n\t\t\t\t<div class=\"fw-row\">\n\t<div class=\"fw-col-xs-12 fw-col-sm-8\">\n\t<h4>Nous contacter<\/h4><p>Pour toute question concernant directement le site de la phototh\u00e8que, merci d'envoyer directement un e-mail \u00e0 webmaster(at)cpu.fr.<\/p><div class=\"form-wrapper fw-contact-form contact-form\">\n<div class=\"form-flash-message\"><\/div>\n\t<form data-fw-form-id=\"fw_form\" method=\"post\" action=\"https:\/\/franceuniversites.fr\/phototheque\/wp-json\/wp\/v2\/pages\/2922\" class=\"fw_form_fw_form\" data-fw-ext-forms-type=\"contact-forms\"  ><input type=\"hidden\" name=\"fwf\" value=\"fw_form\" \/><input type=\"hidden\" id=\"_nonce_f77d7e8a9540a34f655d49cdc17e930c\" name=\"_nonce_f77d7e8a9540a34f655d49cdc17e930c\" value=\"0cdb8412d9\" \/><input type=\"hidden\" name=\"_wp_http_referer\" value=\"\/phototheque\/wp-json\/wp\/v2\/pages\/2922\" \/><input type=\"hidden\" name=\"fw_ext_forms_form_type\" value=\"contact-forms\" \/><input type=\"hidden\" name=\"fw_ext_forms_form_id\" value=\"ec8151d7fb678cddef3d9e26c77084af\" \/><div class=\"wrap-forms\">\n\t<div class=\"fw-row\"><\/div><div class=\"fw-row\"><div class=\"fw-col-xs-12 fw-col-sm-6 form-builder-item\">\n\t<div class=\"field-text\">\n\t\t\t\t<label for=\"id-1\">Votre pr\u00e9nom\t\t\t<sup>*<\/sup>\t\t<\/label>\n\t\t\t\t<input type=\"text\" name=\"text_f3bf9e9\" placeholder=\"\" value=\"\" id=\"id-1\" required=\"required\" >\n\t\t\t<\/div>\n<\/div><div class=\"fw-col-xs-12 fw-col-sm-6 form-builder-item\">\n\t<div class=\"field-text\">\n\t\t\t\t<label for=\"id-2\">Votre nom\t\t\t<sup>*<\/sup>\t\t<\/label>\n\t\t\t\t<input type=\"text\" name=\"text_cc615e5\" placeholder=\"\" value=\"\" id=\"id-2\" required=\"required\" >\n\t\t\t<\/div>\n<\/div><\/div><div class=\"fw-row\"><div class=\"fw-col-xs-12 fw-col-sm-6 form-builder-item\">\n\t<div class=\"field-text\">\n\t\t\t\t<label for=\"id-3\">Votre e-mail\t\t\t<sup>*<\/sup>\t\t<\/label>\n\t\t\t\t<input type=\"text\" name=\"email_7d58962\" placeholder=\"\" value=\"\" id=\"id-3\" required=\"required\" >\n\t\t\t<\/div>\n<\/div><div class=\"fw-col-xs-12 fw-col-sm-6 form-builder-item\">\n\t<div class=\"field-text\">\n\t\t\t\t<label for=\"id-4\">Votre t\u00e9l\u00e9phone\t\t\t<sup>*<\/sup>\t\t<\/label>\n\t\t\t\t<input type=\"text\" name=\"website_f0f69a0\" placeholder=\"\" value=\"\" id=\"id-4\" required=\"required\" >\n\t\t\t<\/div>\n<\/div><\/div><div class=\"fw-row\"><div class=\"fw-col-xs-12 form-builder-item\">\n\t<div class=\"field-text\">\n\t\t\t\t<label for=\"id-5\">Votre soci\u00e9t\u00e9\t\t\t<sup>*<\/sup>\t\t<\/label>\n\t\t\t\t<input type=\"text\" name=\"text_845fab6\" placeholder=\"\" value=\"\" id=\"id-5\" required=\"required\" >\n\t\t\t<\/div>\n<\/div><\/div><div class=\"fw-row\"><div class=\"fw-col-xs-12 form-builder-item\">\n\t<div class=\"field-textarea\">\n\t\t\t\t<label for=\"id-6\">Votre message\t\t\t<sup>*<\/sup>\t\t<\/label>\n\t\t\t\t<textarea name=\"textarea_dad6ea0\" placeholder=\"\" id=\"id-6\" required=\"required\" ><\/textarea>\n\t\t\t<\/div>\n<\/div><\/div><div class=\"fw-row\"><div class=\"fw-col-xs-12 fw-col-sm-6 form-builder-item\">\n\t<div class=\"field-recaptcha\">\n\t\t<label>Recaptcha<\/label>\n\t\t<input type=\"hidden\" name=\"recaptcha_aba4fd1\">\n\t\t<div class=\"form-builder-item-recaptcha\" ><\/div>\n\t<\/div>\n<\/div><\/div><\/div><div>\n\t<input type=\"submit\" value=\"Envoyer\"\/>\n<\/div><\/form><\/div><\/div>\n<div class=\"fw-col-xs-12 fw-col-sm-4\">\n\t<div class=\"fw-iconbox clearfix olam-iconbox-2\">\r\n\t<div class=\"fw-iconbox-image\" style=\"background-color:#8b96c0\">\r\n\t\t<i class=\"fa fa-comments\"><\/i>\r\n\t<\/div>\r\n\t<div class=\"fw-iconbox-aside\">\r\n\t\t<div class=\"fw-iconbox-title\">\r\n\t\t\t<h3>Support en ligne<\/h3>\r\n\t\t<\/div>\r\n\t\t<div class=\"fw-iconbox-text\">\r\n\t\t\t<p>+33 (0)1 44 32 90 00<\/p>\r\n\t\t<\/div>\r\n\t<\/div>\r\n<\/div>\n\t<div class=\"fw-divider-space\" style=\"padding-top: 25px;\"><\/div>\n<div class=\"fw-iconbox clearfix olam-iconbox-2\">\r\n\t<div class=\"fw-iconbox-image\" style=\"background-color:#8b96c0\">\r\n\t\t<i class=\"fa fa-map-marker\"><\/i>\r\n\t<\/div>\r\n\t<div class=\"fw-iconbox-aside\">\r\n\t\t<div class=\"fw-iconbox-title\">\r\n\t\t\t<h3>Adresse postale<\/h3>\r\n\t\t<\/div>\r\n\t\t<div class=\"fw-iconbox-text\">\r\n\t\t\t<p>23 rue Louis Legrand, 75002 Paris<\/p>\r\n\t\t<\/div>\r\n\t<\/div>\r\n<\/div>\n\t<div class=\"fw-divider-space\" style=\"padding-top: 25px;\"><\/div>\n<div class=\"fw-iconbox clearfix olam-iconbox-2\">\r\n\t<div class=\"fw-iconbox-image\" style=\"background-color:#8b96c0\">\r\n\t\t<i class=\"fa fa-envelope\"><\/i>\r\n\t<\/div>\r\n\t<div class=\"fw-iconbox-aside\">\r\n\t\t<div class=\"fw-iconbox-title\">\r\n\t\t\t<h3>E-Mail<\/h3>\r\n\t\t<\/div>\r\n\t\t<div class=\"fw-iconbox-text\">\r\n\t\t\t<p>communication@franceuniversites.fr<\/p>\r\n\t\t<\/div>\r\n\t<\/div>\r\n<\/div><\/div>\n<\/div>\n\n\t<\/div>\n\t<\/div>\n\n","protected":false},"excerpt":{"rendered":"<p>Nous contacterPour toute question concernant directement le site de la phototh\u00e8que, merci d&#8217;envoyer directement un e-mail \u00e0 webmaster(at)cpu.fr. Votre pr\u00e9nom * Votre nom * Votre e-mail * Votre t\u00e9l\u00e9phone * Votre soci\u00e9t\u00e9 * Votre message * Recaptcha Support en ligne +33 (0)1 44 32 90 00 Adresse postale 23 rue Louis Legrand, 75002 Paris E-Mail communication@franceuniversites.fr<\/p>\n","protected":false},"author":1,"featured_media":0,"parent":0,"menu_order":0,"comment_status":"closed","ping_status":"closed","template":"","meta":{"footnotes":""},"class_list":["post-2922","page","type-page","status-publish","hentry"],"acf":[],"_links":{"self":[{"href":"https:\/\/franceuniversites.fr\/phototheque\/wp-json\/wp\/v2\/pages\/2922","targetHints":{"allow":["GET"]}}],"collection":[{"href":"https:\/\/franceuniversites.fr\/phototheque\/wp-json\/wp\/v2\/pages"}],"about":[{"href":"https:\/\/franceuniversites.fr\/phototheque\/wp-json\/wp\/v2\/types\/page"}],"author":[{"embeddable":true,"href":"https:\/\/franceuniversites.fr\/phototheque\/wp-json\/wp\/v2\/users\/1"}],"replies":[{"embeddable":true,"href":"https:\/\/franceuniversites.fr\/phototheque\/wp-json\/wp\/v2\/comments?post=2922"}],"version-history":[{"count":8,"href":"https:\/\/franceuniversites.fr\/phototheque\/wp-json\/wp\/v2\/pages\/2922\/revisions"}],"predecessor-version":[{"id":14017,"href":"https:\/\/franceuniversites.fr\/phototheque\/wp-json\/wp\/v2\/pages\/2922\/revisions\/14017"}],"wp:attachment":[{"href":"https:\/\/franceuniversites.fr\/phototheque\/wp-json\/wp\/v2\/media?parent=2922"}],"curies":[{"name":"wp","href":"https:\/\/api.w.org\/{rel}","templated":true}]}}