{"id":8918,"date":"2019-10-29T15:36:37","date_gmt":"2019-10-29T14:36:37","guid":{"rendered":"http:\/\/www.cpu.fr\/phototheque\/?post_type=download&#038;p=8918"},"modified":"2019-10-29T15:36:37","modified_gmt":"2019-10-29T14:36:37","slug":"vie-etudiante-universite-de-haute-alsace-4","status":"publish","type":"download","link":"https:\/\/franceuniversites.fr\/phototheque\/downloads\/vie-etudiante-universite-de-haute-alsace-4\/","title":{"rendered":"Vie \u00e9tudiante &#8211; Universit\u00e9 de Haute-Alsace"},"content":{"rendered":"<p>France Universit\u00e9s &#8211; Universit\u00e9 de Haute-Alsace. Image d&#8217;ambiance \u00e0 la fac de lettres, pause en int\u00e9rieur entre deux cours, campus Illberg \u00e0 Mulhouse.<\/p>\n","protected":false},"excerpt":{"rendered":"<p>France Universit\u00e9s &#8211; Universit\u00e9 de Haute-Alsace. Image d&#8217;ambiance \u00e0 la fac de lettres, pause en int\u00e9rieur entre deux cours, campus Illberg \u00e0 Mulhouse.<\/p>\n","protected":false},"author":3,"featured_media":8919,"template":"","edd-categories":[44,63],"edd-tags":[464,111,134,195,184],"copyright":[],"class_list":["post-8918","download","type-download","status-publish","has-post-thumbnail","hentry","download_category-etudiants","download_category-vie-etudiante","download_tag-etudiante","download_tag-haute-alsace","download_tag-mulhouse","download_tag-vie-de-campus","download_tag-vie-etudiante","edd-download","edd-download-cat-etudiants","edd-download-cat-vie-etudiante","edd-download-tag-etudiante","edd-download-tag-haute-alsace","edd-download-tag-mulhouse","edd-download-tag-vie-de-campus","edd-download-tag-vie-etudiante"],"acf":[],"_links":{"self":[{"href":"https:\/\/franceuniversites.fr\/phototheque\/wp-json\/wp\/v2\/edd-downloads\/8918","targetHints":{"allow":["GET"]}}],"collection":[{"href":"https:\/\/franceuniversites.fr\/phototheque\/wp-json\/wp\/v2\/edd-downloads"}],"about":[{"href":"https:\/\/franceuniversites.fr\/phototheque\/wp-json\/wp\/v2\/types\/download"}],"author":[{"embeddable":true,"href":"https:\/\/franceuniversites.fr\/phototheque\/wp-json\/wp\/v2\/users\/3"}],"version-history":[{"count":1,"href":"https:\/\/franceuniversites.fr\/phototheque\/wp-json\/wp\/v2\/edd-downloads\/8918\/revisions"}],"predecessor-version":[{"id":8920,"href":"https:\/\/franceuniversites.fr\/phototheque\/wp-json\/wp\/v2\/edd-downloads\/8918\/revisions\/8920"}],"wp:featuredmedia":[{"embeddable":true,"href":"https:\/\/franceuniversites.fr\/phototheque\/wp-json\/wp\/v2\/media\/8919"}],"wp:attachment":[{"href":"https:\/\/franceuniversites.fr\/phototheque\/wp-json\/wp\/v2\/media?parent=8918"}],"wp:term":[{"taxonomy":"download_category","embeddable":true,"href":"https:\/\/franceuniversites.fr\/phototheque\/wp-json\/wp\/v2\/edd-categories?post=8918"},{"taxonomy":"download_tag","embeddable":true,"href":"https:\/\/franceuniversites.fr\/phototheque\/wp-json\/wp\/v2\/edd-tags?post=8918"},{"taxonomy":"copyright","embeddable":true,"href":"https:\/\/franceuniversites.fr\/phototheque\/wp-json\/wp\/v2\/copyright?post=8918"}],"curies":[{"name":"wp","href":"https:\/\/api.w.org\/{rel}","templated":true}]}}

Vie étudiante &#8211; Université de Haute-Alsace

<p>France Universités &#8211; Université de Haute-Alsace. Image d&#8217;ambiance à la fac de lettres, pause en intérieur entre deux cours, campus Illberg à Mulhouse.</p>
