{"id":7276,"date":"2019-08-23T13:32:11","date_gmt":"2019-08-23T11:32:11","guid":{"rendered":"http:\/\/www.cpu.fr\/phototheque\/?post_type=download&#038;p=7276"},"modified":"2019-09-03T18:37:26","modified_gmt":"2019-09-03T16:37:26","slug":"president-duniversite-universite-grenoble-alpes","status":"publish","type":"download","link":"https:\/\/franceuniversites.fr\/phototheque\/downloads\/president-duniversite-universite-grenoble-alpes\/","title":{"rendered":"Pr\u00e9sident d&#8217;universit\u00e9 &#8211; Universit\u00e9 Grenoble Alpes"},"content":{"rendered":"<p>France Universit\u00e9s &#8211; Patrick L\u00e9vy, pr\u00e9sident de l&#8217;Universit\u00e9 Grenoble Alpes<\/p>\n","protected":false},"excerpt":{"rendered":"<p>France Universit\u00e9s &#8211; Patrick L\u00e9vy, pr\u00e9sident de l&#8217;Universit\u00e9 Grenoble Alpes<\/p>\n","protected":false},"author":3,"featured_media":7277,"template":"","edd-categories":[421],"edd-tags":[90,107,425,422],"copyright":[],"class_list":["post-7276","download","type-download","status-publish","has-post-thumbnail","hentry","download_category-presidents-duniversite","download_tag-colloque","download_tag-grenoble","download_tag-president","download_tag-president-duniversite","edd-download","edd-download-cat-presidents-duniversite","edd-download-tag-colloque","edd-download-tag-grenoble","edd-download-tag-president","edd-download-tag-president-duniversite"],"acf":[],"_links":{"self":[{"href":"https:\/\/franceuniversites.fr\/phototheque\/wp-json\/wp\/v2\/edd-downloads\/7276","targetHints":{"allow":["GET"]}}],"collection":[{"href":"https:\/\/franceuniversites.fr\/phototheque\/wp-json\/wp\/v2\/edd-downloads"}],"about":[{"href":"https:\/\/franceuniversites.fr\/phototheque\/wp-json\/wp\/v2\/types\/download"}],"author":[{"embeddable":true,"href":"https:\/\/franceuniversites.fr\/phototheque\/wp-json\/wp\/v2\/users\/3"}],"version-history":[{"count":0,"href":"https:\/\/franceuniversites.fr\/phototheque\/wp-json\/wp\/v2\/edd-downloads\/7276\/revisions"}],"wp:featuredmedia":[{"embeddable":true,"href":"https:\/\/franceuniversites.fr\/phototheque\/wp-json\/wp\/v2\/media\/7277"}],"wp:attachment":[{"href":"https:\/\/franceuniversites.fr\/phototheque\/wp-json\/wp\/v2\/media?parent=7276"}],"wp:term":[{"taxonomy":"download_category","embeddable":true,"href":"https:\/\/franceuniversites.fr\/phototheque\/wp-json\/wp\/v2\/edd-categories?post=7276"},{"taxonomy":"download_tag","embeddable":true,"href":"https:\/\/franceuniversites.fr\/phototheque\/wp-json\/wp\/v2\/edd-tags?post=7276"},{"taxonomy":"copyright","embeddable":true,"href":"https:\/\/franceuniversites.fr\/phototheque\/wp-json\/wp\/v2\/copyright?post=7276"}],"curies":[{"name":"wp","href":"https:\/\/api.w.org\/{rel}","templated":true}]}}

Président d&#8217;université &#8211; Université Grenoble Alpes

<p>France Universités &#8211; Patrick Lévy, président de l&#8217;Université Grenoble Alpes</p>
