{"id":7273,"date":"2019-08-23T13:30:26","date_gmt":"2019-08-23T11:30:26","guid":{"rendered":"http:\/\/www.cpu.fr\/phototheque\/?post_type=download&#038;p=7273"},"modified":"2019-08-23T13:30:26","modified_gmt":"2019-08-23T11:30:26","slug":"president-duniversite-universite-de-lorraine","status":"publish","type":"download","link":"https:\/\/franceuniversites.fr\/phototheque\/downloads\/president-duniversite-universite-de-lorraine\/","title":{"rendered":"Pr\u00e9sident d&#8217;universit\u00e9 &#8211; Universit\u00e9 de Lorraine"},"content":{"rendered":"<p>France Universit\u00e9s &#8211; Pierre Mutzenhardt, pr\u00e9sident de l&#8217;Universit\u00e9 de Lorraine<\/p>\n","protected":false},"excerpt":{"rendered":"<p>France Universit\u00e9s &#8211; Pierre Mutzenhardt, pr\u00e9sident de l&#8217;Universit\u00e9 de Lorraine<\/p>\n","protected":false},"author":3,"featured_media":7274,"template":"","edd-categories":[421],"edd-tags":[90,125,425,422],"copyright":[],"class_list":["post-7273","download","type-download","status-publish","has-post-thumbnail","hentry","download_category-presidents-duniversite","download_tag-colloque","download_tag-lorraine","download_tag-president","download_tag-president-duniversite","edd-download","edd-download-cat-presidents-duniversite","edd-download-tag-colloque","edd-download-tag-lorraine","edd-download-tag-president","edd-download-tag-president-duniversite"],"acf":[],"_links":{"self":[{"href":"https:\/\/franceuniversites.fr\/phototheque\/wp-json\/wp\/v2\/edd-downloads\/7273","targetHints":{"allow":["GET"]}}],"collection":[{"href":"https:\/\/franceuniversites.fr\/phototheque\/wp-json\/wp\/v2\/edd-downloads"}],"about":[{"href":"https:\/\/franceuniversites.fr\/phototheque\/wp-json\/wp\/v2\/types\/download"}],"author":[{"embeddable":true,"href":"https:\/\/franceuniversites.fr\/phototheque\/wp-json\/wp\/v2\/users\/3"}],"version-history":[{"count":0,"href":"https:\/\/franceuniversites.fr\/phototheque\/wp-json\/wp\/v2\/edd-downloads\/7273\/revisions"}],"wp:featuredmedia":[{"embeddable":true,"href":"https:\/\/franceuniversites.fr\/phototheque\/wp-json\/wp\/v2\/media\/7274"}],"wp:attachment":[{"href":"https:\/\/franceuniversites.fr\/phototheque\/wp-json\/wp\/v2\/media?parent=7273"}],"wp:term":[{"taxonomy":"download_category","embeddable":true,"href":"https:\/\/franceuniversites.fr\/phototheque\/wp-json\/wp\/v2\/edd-categories?post=7273"},{"taxonomy":"download_tag","embeddable":true,"href":"https:\/\/franceuniversites.fr\/phototheque\/wp-json\/wp\/v2\/edd-tags?post=7273"},{"taxonomy":"copyright","embeddable":true,"href":"https:\/\/franceuniversites.fr\/phototheque\/wp-json\/wp\/v2\/copyright?post=7273"}],"curies":[{"name":"wp","href":"https:\/\/api.w.org\/{rel}","templated":true}]}}

Président d&#8217;université &#8211; Université de Lorraine

<p>France Universités &#8211; Pierre Mutzenhardt, président de l&#8217;Université de Lorraine</p>
